{"id":582619,"date":"2026-09-03T00:20:34","date_gmt":"2026-09-02T22:20:34","guid":{"rendered":"https:\/\/loveforever.se\/?post_type=product&#038;p=582619"},"modified":"2026-09-03T00:20:59","modified_gmt":"2026-09-02T22:20:59","slug":"jeansvast-randig-med-stretch","status":"publish","type":"product","link":"https:\/\/loveforever.se\/no\/produkt\/jeansvast-randig-med-stretch\/","title":{"rendered":"Jeansv\u00e4st Randig med stretch"},"content":{"rendered":"","protected":false},"excerpt":{"rendered":"<p>Randig Jeansv\u00e4st \u2013 M\u00f6rk Denim<\/p>\n<p>Supercool jeansv\u00e4st i en m\u00f6rkare jeanstv\u00e4tt med snygga r\u00e4nder som ger den klassiska denimv\u00e4sten en helt ny look. En riktig statement-favorit som \u00e4r enkel att styla och perfekt n\u00e4r du vill addera lite extra attityd till outfiten.<\/p>\n<p>V\u00e4sten \u00e4r tillverkad i ett mjukt och stretchigt jeanstyg som g\u00f6r den riktigt bekv\u00e4m att b\u00e4ra. Modellen \u00e4r rymlig i storleken och har en avslappnad passform.<\/p>\n<p>B\u00e4r den precis som den \u00e4r tillsammans med jeans f\u00f6r en cool denim-on-denim look eller styla den \u00f6ppen \u00f6ver en t-shirt, skjorta, blus eller kl\u00e4nning. Supersnygg tillsammans med boots f\u00f6r en avslappnad boho-western k\u00e4nsla.<\/p>\n<p>En l\u00e4ttstylad denimfavorit som fungerar s\u00e4song efter s\u00e4song.<\/p>\n<p>Detaljer:<\/p>\n<p>\u2022 M\u00f6rkare jeanstv\u00e4tt<br \/>\n\u2022 Randig denim<br \/>\n\u2022 Mjukt och stretchigt jeanstyg<br \/>\n\u2022 Bekv\u00e4m och avslappnad passform<br \/>\n\u2022 Snygg b\u00e5de st\u00e4ngd och \u00f6ppen<br \/>\n\u2022 Perfekt f\u00f6r lager-p\u00e5-lager<br \/>\n\u2022 Rymlig i storleken<\/p>","protected":false},"featured_media":582612,"comment_status":"open","ping_status":"closed","template":"","meta":{"_acf_changed":false},"product_brand":[],"product_cat":[1145,1498,1219,1160,1159],"product_tag":[],"class_list":{"0":"post-582619","1":"product","2":"type-product","3":"status-publish","4":"has-post-thumbnail","6":"product_cat-denim","7":"product_cat-faire","8":"product_cat-jeansjacka-dam","9":"product_cat-jackor-vastar","10":"product_cat-nyheter","12":"first","13":"instock","14":"taxable","15":"shipping-taxable","16":"purchasable","17":"product-type-variable"},"acf":[],"gallery_images":[582613],"_links":{"self":[{"href":"https:\/\/loveforever.se\/no\/wp-json\/wp\/v2\/product\/582619","targetHints":{"allow":["GET"]}}],"collection":[{"href":"https:\/\/loveforever.se\/no\/wp-json\/wp\/v2\/product"}],"about":[{"href":"https:\/\/loveforever.se\/no\/wp-json\/wp\/v2\/types\/product"}],"replies":[{"embeddable":true,"href":"https:\/\/loveforever.se\/no\/wp-json\/wp\/v2\/comments?post=582619"}],"wp:featuredmedia":[{"embeddable":true,"href":"https:\/\/loveforever.se\/no\/wp-json\/wp\/v2\/media\/582612"}],"wp:attachment":[{"href":"https:\/\/loveforever.se\/no\/wp-json\/wp\/v2\/media?parent=582619"}],"wp:term":[{"taxonomy":"product_brand","embeddable":true,"href":"https:\/\/loveforever.se\/no\/wp-json\/wp\/v2\/product_brand?post=582619"},{"taxonomy":"product_cat","embeddable":true,"href":"https:\/\/loveforever.se\/no\/wp-json\/wp\/v2\/product_cat?post=582619"},{"taxonomy":"product_tag","embeddable":true,"href":"https:\/\/loveforever.se\/no\/wp-json\/wp\/v2\/product_tag?post=582619"}],"curies":[{"name":"wp","href":"https:\/\/api.w.org\/{rel}","templated":true}]}}

Jeansväst Randig med stretch

<p>Randig Jeansväst – Mörk Denim</p>
<p>Supercool jeansväst i en mörkare jeanstvätt med snygga ränder som ger den klassiska denimvästen en helt ny look. En riktig statement-favorit som är enkel att styla och perfekt när du vill addera lite extra attityd till outfiten.</p>
<p>Västen är tillverkad i ett mjukt och stretchigt jeanstyg som gör den riktigt bekväm att bära. Modellen är rymlig i storleken och har en avslappnad passform.</p>
<p>Bär den precis som den är tillsammans med jeans för en cool denim-on-denim look eller styla den öppen över en t-shirt, skjorta, blus eller klänning. Supersnygg tillsammans med boots för en avslappnad boho-western känsla.</p>
<p>En lättstylad denimfavorit som fungerar säsong efter säsong.</p>
<p>Detaljer:</p>
<p>• Mörkare jeanstvätt<br />
• Randig denim<br />
• Mjukt och stretchigt jeanstyg<br />
• Bekväm och avslappnad passform<br />
• Snygg både stängd och öppen<br />
• Perfekt för lager-på-lager<br />
• Rymlig i storleken</p>
